base 4) to base 10
9408
-2320 (base 7) to base 4
-31033
Convert 63a5 (base 13) to base 15.
4169
What is -122322 (base 4) in base 2?
-11010111010
Convert -3153 (base 8) to base 13.
-995
Convert -720 (base 9) to base 7.
-1464
Convert 10120 (base 3) to base 12.
80
Convert -921 (base 13) to base 15.
-6d3
42013 (base 6) to base 16
15f9
1551 (base 6) to base 7
1150
-12002 (base 5) to base 16
-36d
117 (base 10) to base 13
90
Convert 8475 (base 10) to base 13.
3b1c
What is -29aa (base 13) in base 2?
-1011110100111
What is 3481 (base 12) in base 11?
4445
201000 (base 3) to base 12
369
Convert -2670 (base 8) to base 15.
-679
Convert -220322 (base 4) to base 13.
-1265
What is 13565 (base 8) in base 3?
22020102
Convert 28772 (base 9) to base 2.
100110010000010
What is -2545 (base 6) in base 15?
-2cb
Convert 175c (base 15) to base 16.
13ad
-1815 (base 11) to base 13
-1091
8a (base 13) to base 7
222
Convert 103304 (base 7) to base 10.
17987
Convert -219 (base 15) to base 4.
-13122
Convert -8b4 (base 13) to base 12.
-a4b
What is 4607 (base 8) in base 14?
c63
Convert -3aa87 (base 11) to base 15.
-12528
1011001100 (base 2) to base 9
875
243013 (base 6) to base 9
32310
What is -761 (base 12) in base 11?
-8a3
Convert 15335 (base 6) to base 16.
9cb
Convert -20ac (base 13) to base 7.
-16140
6986 (base 14) to base 11
12869
What is -63103 (base 8) in base 3?
-1022220121
What is 186 (base 13) in base 4?
10113
Convert -1d47 (base 16) to base 8.
-16507
What is 8269 (base 14) in base 11?
15948
Convert 70 (base 9) to base 3.
2100
-141114 (base 6) to base 11
-9a30
1011111000 (base 2) to base 7
2134
14349 (base 10) to base 4
3200031
10453 (base 10) to base 15
316d
What is 4523 (base 6) in base 15?
4a9
Convert 10123 (base 5) to base 7.
1635
-100212 (base 4) to base 8
-2046
Convert -24200 (base 5) to base 2.
-11100001000
59a5 (base 14) to base 7
63365
-396 (base 10) to base 2
-110001100
-100010010010 (base 2) to base 9
-3007
Convert -3482 (base 10) to base 4.
-312122
214 (base 16) to base 13
31c
7a04 (base 12) to base 16
34e4
-20c (base 15) to base 13
-297
-118 (base 9) to base 8
-142
5c5 (base 16) to base 13
898
Convert 144263 (base 7) to base 11.
19a88
Convert 5257 (base 15) to base 8.
41777
Convert 1010000010100 (base 2) to base 14.
1c32
-10012210212 (base 3) to base 8
-173464
What is 1837 (base 14) in base 10?
4361
Convert -1403420 (base 5) to base 2.
-110111111000010
What is -15ac (base 13) in base 12?
-1a14
What is 69b3 (base 14) in base 3?
221012221
5243 (base 6) to base 13
6c9
What is 1000011101101 (base 2) in base 10?
4333
Convert 8193 (base 14) to base 8.
53405
What is -393 (base 14) in base 3?
-222120
Convert 10010 (base 3) to base 12.
70
What is 1c (base 13) in base 7?
34
What is 8380 (base 11) in base 6?
123215
What is 10010010010000000 (base 2) in base 10?
74880
Convert -33368 (base 9) to base 3.
-1010102022
Convert 31b2 (base 13) to base 14.
2733
Convert -455 (base 9) to base 4.
-11312
-1263 (base 7) to base 8
-746
What is 4307 (base 9) in base 3?
11100021
What is 46 (base 14) in base 4?
332
What is 421140 (base 5) in base 13?
644a
30a1 (base 13) to base 8
15102
24116 (base 8) to base 14
3a90
Convert -8216 (base 12) to base 5.
-423010
What is -2301230 (base 5) in base 9?
-61880
What is 20001200 (base 3) in base 9?
6050
-944 (base 12) to base 9
-1757
Convert -8778 (base 10) to base 14.
-32b0
Convert 10021200200 (base 3) to base 8.
176220
3837 (base 12) to base 8
14353
What is 1707 (base 12) in base 6?
20411
What is 10123203 (base 4) in base 11?
126a8
What is 11522 (base 7) in base 8?
5675
362 (base 12) to base 4
13322
What is 2281 (base 11) in base 16?
bb1
What is -1003213 (base 4) in base 12?
-2607
What is 1234223 (base 5) in base 13?
b0b3
Convert -151 (base 6) to base 3.
-2111
What is 4016 (base 10) in base 5?
112031
What is -21335 (base 7) in base 9?
-7258
What is -100011001110 (base 2) in base 7?
-6400
What is -27bc (base 16) in base 7?
-41441
What is a9b (base 13) in base 9?
2440
Convert 1011000011010 (base 2) to base 8.
13032
-1103 (base 7) to base 11
-32a
11 (base 9) to base 14
a
What is 23145 (base 6) in base 13?
1673
3872 (base 9) to base 7
11312
-312 (base 12) to base 5
-3241
-73d (base 14) to base 5
-21202
What is 2a66 (base 15) in base 9?
13426
2044 (base 12) to base 9
4727
-1a0d (base 14) to base 15
-15e7
51010 (base 6) to base 9
10166
-4643 (base 8) to base 13
-117a
Convert -987 (base 12) to base 5.
-21044
What is -1000110011 (base 2) in base 13?
-344
What is -44515 (base 6) in base 9?
-8502
46bb (base 14) to base 5
343232
What is -340433 (base 5) in base 11?
-9013
Convert -190 (base 10) to base 7.
-361
-4a3 (base 16) to base 7
-3314
1553 (base 8) to base 14
467
Convert 735 (base 11) to base 13.
531
What is 110102220 (base 4) in base 13?
2baa3
Convert 47567 (base 8) to base 2.
100111101110111
29242 (base 10) to base 14
a92a
1000011010100 (base 2) to base 14
17da
Convert -b4 (base 15) to base 5.
-1134
-446d (base 14) to base 13
-5521
Convert -55ad (base 15) to base 3.
-220220201
-1117 (base 8) to base 4
-21033
213442 (base 5) to base 3
101010001
What is -52525 (base 6) in base 8?
-15705
3216 (base 8) to base 5
23203
-1020110 (base 3) to base 11
-751
Convert -6076 (base 9) to base 11.
-337a
ecf (base 16) to base 7
14024
What is -6645 (base 7) in base 2?
-100101010001
Convert 456 (base 9) to base 7.
1044
Convert -101001010110 (base 2) to base 6.
-20130
What is 708 (base 16) in base 10?
1800
What is 11000010111110 (base 2) in base 5?
344403
Convert -576 (base 12) to base 2.
-1100101010
1011112 (base 3) to base 8
1523
Convert 295 (base 16) to base 4.
22111
Convert -7941 (base 14) to base 8.
-51045
What is 140143 (base 5) in base 2?
1011000101001
What is 11011101 (base 3) in base 16?
bda
-5415 (base 7) to base 3
-2122020
What is 276 (base 14) in base 9?
611
-1110010 (base 4) to base 9
-7337
24a (base 13) to base 4
12100
Convert -25631 (base 8) to base 10.
-11161
Convert -17346 (base 10) to base 8.
-41702
-380 (base 11) to base 6
-2031
Convert 2b16 (base 13) to base 5.
200042
What is -2959 (base 11) in base 14?
-1567
2242 (base 6) to base 16
212
Convert 19b9 (base 14) to base 10.
4671
-1187 (base 11) to base 13
-920
What is -13121003 (base 4) in base 14?
-b067
What is 224a (base 14) in base 5?
142241
Convert 817 (base 13) to base 8.
2534
What is 1031232 (base 5) in base 8?
42434
Convert -ab3 (base 12) to base 5.
-22300
5b (base 12) to base 13
56
2434 (base 5) to base 13
225
What is 10113 (base 7) in base 10?
2460
Convert 351 (base 14) to base 10.
659
What is -13a4 (base 13) in base 7?
-11163
-5481 (base 16) to base 4
-11102001
1001100100000 (base 2) to base 6
34400
What is -20a (base 14) in base 8?
-622
What is -224110 (base 5) in base 13?
-3869
What is -15604 (base 7) in base 4?
-1010332
What is -321 (base 10) in base 11?
-272
Convert 1004123 (base 5) to base 6.
202455
Convert 79b (base 14) to base 11.
1152
Convert -60577 (base 10) to base 9.
-102077
2372 (base 12) to base 6
30222
-790 (base 15) to base 5
-23320
11011000 (base 2) to base 9
260
-11114 (base 5) to base 16
-310
-101 (base 4) to base 12
-15
-4273 (base 12) to base 2
-1110001110111
What is 26688 (base 9) in base 16?
468e
What is -383 (base 9) in base 16?
-13e
-203 (base 7) to base 12
-85
da (base 16) to base 14
118
-b295 (base 12) to base 14
-7105
What is -44232 (base 6) in base 2?
-1011111111100
1210 (base 5) to base 9
220
11003 (base 5) to base 6
3253
Convert 6541 (base 9) to base 11.
3689
Convert -2145 (base 8) to base 2.
-10001100101
-49 (base 10) to base 8
-61
What is 283 (base 16) in base 4?
22003
What is -14a5 (base 15) in base 5?
-120210
2031212 (base 5) to base 9
50617
Convert -13232003 (base 4) to base 5.
-2002434
Convert 136 (base 12) to base 15.
c6
What is 1139 (base 13) in base 12?
1492
What is -14431 (base 6) in base 16?
-913
Convert -dbd2 (base 14) to base 11.
-26617
24343 (base 5) to base 2
11100111000
-131352 (base 6) to base 8
-27364
What is 1012 (base 6) in base 3?
22022
What is 2022101 (base 3) in base 12?
b84
What is -110000111100 (base 2) in base 13?
-156c
What is 8cb (base 15) in base 6?
13115
What is -302131 (base 4) in base 12?
-1a51
What is -1308a (base 13) in base 6?
-431134
-33cd (base 15) to base 5
-322433
What is 551b (base 15) in base 13?
8288
16235 (base 